{"id":19209,"date":"2023-09-13T11:02:06","date_gmt":"2023-09-13T11:02:06","guid":{"rendered":"https:\/\/pre.scenicrights.com\/projects\/viento-del-sur-film\/"},"modified":"2024-06-17T11:25:07","modified_gmt":"2024-06-17T11:25:07","slug":"viento-del-sur-film","status":"publish","type":"articulo","link":"https:\/\/www.scenicrights.com\/ca\/projects\/viento-del-sur-film\/","title":{"rendered":"Viento del sur"},"template":"","art_tag":[703,1300,853,1351,1053,1376,1151],"genero":[46],"licencia":[17],"localizacion":[],"produccion":[],"subgenero":[1404],"tipo":[5],"class_list":["post-19209","articulo","type-articulo","status-publish","hentry","art_tag-amor-ca","art_tag-catastrofe-ca","art_tag-educacio","art_tag-lgbtq-ca","art_tag-passat","art_tag-rural-ca","art_tag-societat","genero-drama-ca","licencia-propia","subgenero-romanc","tipo-proyecto"],"acf":{"generos_tax":[46],"subgeneros_tax":[1404],"tipo_tax":[5],"tags_tax":[1351,1376,853,1300,703,1151,1053],"produccion_tax":false,"licencia_tax":17,"localizacion_tax":false,"articulo__titulo_extendido":"","articulo__extracto":"","articulo__contenido":"Victoria, sense pares i sense l'Isabelle, amb qui acaba d'acabar una complicada relaci\u00f3 sentimental, decideix deixar Par\u00eds i tornar a la seva Espanya natal. Aix\u00ed, arriba a Palomares, un petit poble d'Almeria, on aconsegueix feina\u00a0com a mestra suplent per quatre mesos. Tots l'acullen r\u00e0pidament, entre ells Rafael Ruiz, un vidu atret per ella, per\u00f2 Victoria no est\u00e0 interessada en ell, sin\u00f3 en la seva germana Maria, qui r\u00e0pidament es converteix en la seva nova millor amiga.\r\n\r\nLlavors passa una cosa inesperada, el 17 de gener de 1966 uns avions nord-americans xoquen i les restes d'un d'ells, al costat de 4 bombes d'hidrogen que transportava, cauen sobre els voltants del poble. La nova\u00a0xafarderia deixa en segon pla a la Victoria, que aprofita el moment per forjar la seva amistat amb la Maria.\r\n\r\nUn dia, deixant-se portar per l'impuls, Victoria apropa els seus llavis als de Maria, que espantada s'acomiada precipitadament i tracta d'evitar-la. Victoria decideix demanar perd\u00f3 a la seva amiga i inesperadament Maria trenca a plorar i la besa. Aix\u00ed comen\u00e7a la seva relaci\u00f3 secreta.\r\n\r\nPr\u00f2xima\u00a0la setmana santa, la Victoria ha de tornar 4 dies a Par\u00eds i proposa a la Maria d'anar amb ella, que accepta il\u00b7lusionada. Ja a Par\u00eds, reben la inesperada visita d'Isabelle, qui vol tornar amb la Victoria, per\u00f2 aquesta la rebutja. A la fi, les dues amants tornen a Palomares.\r\n\r\nVictoria i Maria s\u00f3n descobertes besant-se i despr\u00e9s de la reprovaci\u00f3 del poble sencer, Maria conven\u00e7 a Victoria que el m\u00e9s sensat \u00e9s que cadascuna segueixi amb la seva vida. Alienes al m\u00f3n, s'acomiaden davant a l'autob\u00fas amb destinaci\u00f3 M\u00e0laga. Victoria puja en ell sentint que ha trobat el seu rumb.\r\n\r\n&nbsp;\r\n\r\n<strong>TEMES:\u00a0<\/strong>Amistat; Amor; Sexualitat.\r\n\r\n&nbsp;\r\n\r\n<strong>G\u00c8NERE:\u00a0<\/strong>Trag\u00e8dia\r\n\r\n&nbsp;\r\n\r\n<strong>DADES RELLEVANTS:<\/strong> Entre d'altres guardons, Juan Carlos Rubio ha obtingut el premi Teatro SGAE 2005 i la menci\u00f3 d'honor del Lope de Vega de teatre 2013. Tamb\u00e9 ha estat candidat al Goya 2009 en la categoria de millor gui\u00f3 original i va guanyar la <em>biznaga<\/em> d'argent al millor gui\u00f3 al Festival M\u00e1laga Cine Espa\u00f1ol 2010.\r\n\r\n&nbsp;\r\n\r\n<strong>POTENCIAL FORMAT AUDIOVISUAL: <\/strong>TV movie; film; TV s\u00e8ries; Teatre.","articulo__autor":[2746],"_thumbnail_id":"","articulo__featured_gallery":"","articulo__galeria_archivos":"","articulo__fecha_de_publicacion":"","articulo__idiomas":"","articulo__dossier":"","idarticle":1007},"yoast_head":"<!-- This site is optimized with the Yoast SEO plugin v27.5 - https:\/\/yoast.com\/product\/yoast-seo-wordpress\/ -->\n<title>Viento del sur - Scenic\u00a0Rights<\/title>\n<meta name=\"robots\" content=\"index, follow, max-snippet:-1, max-image-preview:large, max-video-preview:-1\" \/>\n<link rel=\"canonical\" href=\"https:\/\/www.scenicrights.com\/ca\/projects\/viento-del-sur-film\/\" \/>\n<meta property=\"og:locale\" content=\"ca_ES\" \/>\n<meta property=\"og:type\" content=\"article\" \/>\n<meta property=\"og:title\" content=\"Viento del sur - Scenic\u00a0Rights\" \/>\n<meta property=\"og:description\" content=\"Victoria, sense pares i sense l&#039;Isabelle, amb qui acaba d&#039;acabar una complicada relaci&oacute; sentimental, decideix deixar Par&iacute;s i tornar a la seva Espanya natal. Aix&iacute;, arriba [&hellip;]\" \/>\n<meta property=\"og:url\" content=\"https:\/\/www.scenicrights.com\/ca\/projects\/viento-del-sur-film\/\" \/>\n<meta property=\"og:site_name\" content=\"Scenic\u00a0Rights\" \/>\n<meta property=\"article:modified_time\" content=\"2024-06-17T11:25:07+00:00\" \/>\n<meta name=\"twitter:card\" content=\"summary_large_image\" \/>\n<script type=\"application\/ld+json\" class=\"yoast-schema-graph\">{\"@context\":\"https:\\\/\\\/schema.org\",\"@graph\":[{\"@type\":\"WebPage\",\"@id\":\"https:\\\/\\\/www.scenicrights.com\\\/ca\\\/projects\\\/viento-del-sur-film\\\/\",\"url\":\"https:\\\/\\\/www.scenicrights.com\\\/ca\\\/projects\\\/viento-del-sur-film\\\/\",\"name\":\"Viento del sur - Scenic\u00a0Rights\",\"isPartOf\":{\"@id\":\"https:\\\/\\\/www.scenicrights.com\\\/ca\\\/#website\"},\"datePublished\":\"2023-09-13T11:02:06+00:00\",\"dateModified\":\"2024-06-17T11:25:07+00:00\",\"breadcrumb\":{\"@id\":\"https:\\\/\\\/www.scenicrights.com\\\/ca\\\/projects\\\/viento-del-sur-film\\\/#breadcrumb\"},\"inLanguage\":\"ca\",\"potentialAction\":[{\"@type\":\"ReadAction\",\"target\":[\"https:\\\/\\\/www.scenicrights.com\\\/ca\\\/projects\\\/viento-del-sur-film\\\/\"]}]},{\"@type\":\"BreadcrumbList\",\"@id\":\"https:\\\/\\\/www.scenicrights.com\\\/ca\\\/projects\\\/viento-del-sur-film\\\/#breadcrumb\",\"itemListElement\":[{\"@type\":\"ListItem\",\"position\":1,\"name\":\"Home\",\"item\":\"https:\\\/\\\/www.scenicrights.com\\\/ca\\\/\"},{\"@type\":\"ListItem\",\"position\":2,\"name\":\"Viento del sur\"}]},{\"@type\":\"WebSite\",\"@id\":\"https:\\\/\\\/www.scenicrights.com\\\/ca\\\/#website\",\"url\":\"https:\\\/\\\/www.scenicrights.com\\\/ca\\\/\",\"name\":\"Scenic\u00a0Rights\",\"description\":\"\",\"publisher\":{\"@id\":\"https:\\\/\\\/www.scenicrights.com\\\/ca\\\/#organization\"},\"potentialAction\":[{\"@type\":\"SearchAction\",\"target\":{\"@type\":\"EntryPoint\",\"urlTemplate\":\"https:\\\/\\\/www.scenicrights.com\\\/ca\\\/?s={search_term_string}\"},\"query-input\":{\"@type\":\"PropertyValueSpecification\",\"valueRequired\":true,\"valueName\":\"search_term_string\"}}],\"inLanguage\":\"ca\"},{\"@type\":\"Organization\",\"@id\":\"https:\\\/\\\/www.scenicrights.com\\\/ca\\\/#organization\",\"name\":\"Scenic\u00a0Rights\",\"url\":\"https:\\\/\\\/www.scenicrights.com\\\/ca\\\/\",\"logo\":{\"@type\":\"ImageObject\",\"inLanguage\":\"ca\",\"@id\":\"https:\\\/\\\/www.scenicrights.com\\\/ca\\\/#\\\/schema\\\/logo\\\/image\\\/\",\"url\":\"https:\\\/\\\/www.scenicrights.com\\\/wp-content\\\/uploads\\\/2023\\\/07\\\/logo-horizontal-web.png\",\"contentUrl\":\"https:\\\/\\\/www.scenicrights.com\\\/wp-content\\\/uploads\\\/2023\\\/07\\\/logo-horizontal-web.png\",\"width\":644,\"height\":225,\"caption\":\"Scenic\u00a0Rights\"},\"image\":{\"@id\":\"https:\\\/\\\/www.scenicrights.com\\\/ca\\\/#\\\/schema\\\/logo\\\/image\\\/\"}}]}<\/script>\n<!-- \/ Yoast SEO plugin. -->","yoast_head_json":{"title":"Viento del sur - Scenic\u00a0Rights","robots":{"index":"index","follow":"follow","max-snippet":"max-snippet:-1","max-image-preview":"max-image-preview:large","max-video-preview":"max-video-preview:-1"},"canonical":"https:\/\/www.scenicrights.com\/ca\/projects\/viento-del-sur-film\/","og_locale":"ca_ES","og_type":"article","og_title":"Viento del sur - Scenic\u00a0Rights","og_description":"Victoria, sense pares i sense l&#39;Isabelle, amb qui acaba d&#39;acabar una complicada relaci&oacute; sentimental, decideix deixar Par&iacute;s i tornar a la seva Espanya natal. Aix&iacute;, arriba [&hellip;]","og_url":"https:\/\/www.scenicrights.com\/ca\/projects\/viento-del-sur-film\/","og_site_name":"Scenic\u00a0Rights","article_modified_time":"2024-06-17T11:25:07+00:00","twitter_card":"summary_large_image","schema":{"@context":"https:\/\/schema.org","@graph":[{"@type":"WebPage","@id":"https:\/\/www.scenicrights.com\/ca\/projects\/viento-del-sur-film\/","url":"https:\/\/www.scenicrights.com\/ca\/projects\/viento-del-sur-film\/","name":"Viento del sur - Scenic\u00a0Rights","isPartOf":{"@id":"https:\/\/www.scenicrights.com\/ca\/#website"},"datePublished":"2023-09-13T11:02:06+00:00","dateModified":"2024-06-17T11:25:07+00:00","breadcrumb":{"@id":"https:\/\/www.scenicrights.com\/ca\/projects\/viento-del-sur-film\/#breadcrumb"},"inLanguage":"ca","potentialAction":[{"@type":"ReadAction","target":["https:\/\/www.scenicrights.com\/ca\/projects\/viento-del-sur-film\/"]}]},{"@type":"BreadcrumbList","@id":"https:\/\/www.scenicrights.com\/ca\/projects\/viento-del-sur-film\/#breadcrumb","itemListElement":[{"@type":"ListItem","position":1,"name":"Home","item":"https:\/\/www.scenicrights.com\/ca\/"},{"@type":"ListItem","position":2,"name":"Viento del sur"}]},{"@type":"WebSite","@id":"https:\/\/www.scenicrights.com\/ca\/#website","url":"https:\/\/www.scenicrights.com\/ca\/","name":"Scenic\u00a0Rights","description":"","publisher":{"@id":"https:\/\/www.scenicrights.com\/ca\/#organization"},"potentialAction":[{"@type":"SearchAction","target":{"@type":"EntryPoint","urlTemplate":"https:\/\/www.scenicrights.com\/ca\/?s={search_term_string}"},"query-input":{"@type":"PropertyValueSpecification","valueRequired":true,"valueName":"search_term_string"}}],"inLanguage":"ca"},{"@type":"Organization","@id":"https:\/\/www.scenicrights.com\/ca\/#organization","name":"Scenic\u00a0Rights","url":"https:\/\/www.scenicrights.com\/ca\/","logo":{"@type":"ImageObject","inLanguage":"ca","@id":"https:\/\/www.scenicrights.com\/ca\/#\/schema\/logo\/image\/","url":"https:\/\/www.scenicrights.com\/wp-content\/uploads\/2023\/07\/logo-horizontal-web.png","contentUrl":"https:\/\/www.scenicrights.com\/wp-content\/uploads\/2023\/07\/logo-horizontal-web.png","width":644,"height":225,"caption":"Scenic\u00a0Rights"},"image":{"@id":"https:\/\/www.scenicrights.com\/ca\/#\/schema\/logo\/image\/"}}]}},"_links":{"self":[{"href":"https:\/\/www.scenicrights.com\/ca\/wp-json\/wp\/v2\/articulo\/19209","targetHints":{"allow":["GET"]}}],"collection":[{"href":"https:\/\/www.scenicrights.com\/ca\/wp-json\/wp\/v2\/articulo"}],"about":[{"href":"https:\/\/www.scenicrights.com\/ca\/wp-json\/wp\/v2\/types\/articulo"}],"acf:post":[{"embeddable":true,"href":"https:\/\/www.scenicrights.com\/ca\/wp-json\/wp\/v2\/autor\/2746"}],"acf:term":[{"embeddable":true,"taxonomy":"licencia","href":"https:\/\/www.scenicrights.com\/ca\/wp-json\/wp\/v2\/licencia\/17"},{"embeddable":true,"taxonomy":"art_tag","href":"https:\/\/www.scenicrights.com\/ca\/wp-json\/wp\/v2\/art_tag\/1053"},{"embeddable":true,"taxonomy":"art_tag","href":"https:\/\/www.scenicrights.com\/ca\/wp-json\/wp\/v2\/art_tag\/1151"},{"embeddable":true,"taxonomy":"art_tag","href":"https:\/\/www.scenicrights.com\/ca\/wp-json\/wp\/v2\/art_tag\/703"},{"embeddable":true,"taxonomy":"art_tag","href":"https:\/\/www.scenicrights.com\/ca\/wp-json\/wp\/v2\/art_tag\/1300"},{"embeddable":true,"taxonomy":"art_tag","href":"https:\/\/www.scenicrights.com\/ca\/wp-json\/wp\/v2\/art_tag\/853"},{"embeddable":true,"taxonomy":"art_tag","href":"https:\/\/www.scenicrights.com\/ca\/wp-json\/wp\/v2\/art_tag\/1376"},{"embeddable":true,"taxonomy":"art_tag","href":"https:\/\/www.scenicrights.com\/ca\/wp-json\/wp\/v2\/art_tag\/1351"},{"embeddable":true,"taxonomy":"tipo","href":"https:\/\/www.scenicrights.com\/ca\/wp-json\/wp\/v2\/tipo\/5"},{"embeddable":true,"taxonomy":"subgenero","href":"https:\/\/www.scenicrights.com\/ca\/wp-json\/wp\/v2\/subgenero\/1404"},{"embeddable":true,"taxonomy":"genero","href":"https:\/\/www.scenicrights.com\/ca\/wp-json\/wp\/v2\/genero\/46"}],"wp:attachment":[{"href":"https:\/\/www.scenicrights.com\/ca\/wp-json\/wp\/v2\/media?parent=19209"}],"wp:term":[{"taxonomy":"art_tag","embeddable":true,"href":"https:\/\/www.scenicrights.com\/ca\/wp-json\/wp\/v2\/art_tag?post=19209"},{"taxonomy":"genero","embeddable":true,"href":"https:\/\/www.scenicrights.com\/ca\/wp-json\/wp\/v2\/genero?post=19209"},{"taxonomy":"licencia","embeddable":true,"href":"https:\/\/www.scenicrights.com\/ca\/wp-json\/wp\/v2\/licencia?post=19209"},{"taxonomy":"localizacion","embeddable":true,"href":"https:\/\/www.scenicrights.com\/ca\/wp-json\/wp\/v2\/localizacion?post=19209"},{"taxonomy":"produccion","embeddable":true,"href":"https:\/\/www.scenicrights.com\/ca\/wp-json\/wp\/v2\/produccion?post=19209"},{"taxonomy":"subgenero","embeddable":true,"href":"https:\/\/www.scenicrights.com\/ca\/wp-json\/wp\/v2\/subgenero?post=19209"},{"taxonomy":"tipo","embeddable":true,"href":"https:\/\/www.scenicrights.com\/ca\/wp-json\/wp\/v2\/tipo?post=19209"}],"curies":[{"name":"wp","href":"https:\/\/api.w.org\/{rel}","templated":true}]}}

Victoria, sense pares i sense l'Isabelle, amb qui acaba d'acabar una complicada relació sentimental, decideix deixar París i tornar a la seva Espanya natal. Així, arriba a Palomares, un petit poble d'Almeria, on aconsegueix feina com a mestra suplent per quatre mesos. Tots l'acullen ràpidament, entre ells Rafael Ruiz, un vidu atret per ella, però Victoria no està interessada en ell, sinó en la seva germana Maria, qui ràpidament es converteix en la seva nova millor amiga.

Llavors passa una cosa inesperada, el 17 de gener de 1966 uns avions nord-americans xoquen i les restes d'un d'ells, al costat de 4 bombes d'hidrogen que transportava, cauen sobre els voltants del poble. La nova xafarderia deixa en segon pla a la Victoria, que aprofita el moment per forjar la seva amistat amb la Maria.

Un dia, deixant-se portar per l'impuls, Victoria apropa els seus llavis als de Maria, que espantada s'acomiada precipitadament i tracta d'evitar-la. Victoria decideix demanar perdó a la seva amiga i inesperadament Maria trenca a plorar i la besa. Així comença la seva relació secreta.

Pròxima la setmana santa, la Victoria ha de tornar 4 dies a París i proposa a la Maria d'anar amb ella, que accepta il·lusionada. Ja a París, reben la inesperada visita d'Isabelle, qui vol tornar amb la Victoria, però aquesta la rebutja. A la fi, les dues amants tornen a Palomares.

Victoria i Maria són descobertes besant-se i després de la reprovació del poble sencer, Maria convenç a Victoria que el més sensat és que cadascuna segueixi amb la seva vida. Alienes al món, s'acomiaden davant a l'autobús amb destinació Màlaga. Victoria puja en ell sentint que ha trobat el seu rumb.

&nbsp;

<strong>TEMES: </strong>Amistat; Amor; Sexualitat.

&nbsp;

<strong>GÈNERE: </strong>Tragèdia

&nbsp;

<strong>DADES RELLEVANTS:</strong> Entre d'altres guardons, Juan Carlos Rubio ha obtingut el premi Teatro SGAE 2005 i la menció d'honor del Lope de Vega de teatre 2013. També ha estat candidat al Goya 2009 en la categoria de millor guió original i va guanyar la <em>biznaga</em> d'argent al millor guió al Festival Málaga Cine Español 2010.

&nbsp;

<strong>POTENCIAL FORMAT AUDIOVISUAL: </strong>TV movie; film; TV sèries; Teatre.
