{"id":17346,"date":"2023-09-13T10:57:41","date_gmt":"2023-09-13T10:57:41","guid":{"rendered":"https:\/\/pre.scenicrights.com\/projects\/la-vida-antes-de-marzo\/"},"modified":"2024-05-14T22:50:36","modified_gmt":"2024-05-14T22:50:36","slug":"la-vida-antes-de-marzo","status":"publish","type":"articulo","link":"https:\/\/www.scenicrights.com\/es\/projects\/la-vida-antes-de-marzo\/","title":{"rendered":"La vida antes de marzo"},"template":"","art_tag":[471,518,523,526],"genero":[7],"licencia":[17],"localizacion":[],"produccion":[],"subgenero":[],"tipo":[5],"class_list":["post-17346","articulo","type-articulo","status-publish","has-post-thumbnail","hentry","art_tag-nostalgia","art_tag-terrorismo","art_tag-utopia","art_tag-viaje","genero-drama","licencia-propia","tipo-proyecto"],"acf":{"generos_tax":[7],"subgeneros_tax":false,"tipo_tax":[5],"tags_tax":[471,518,523,526],"produccion_tax":false,"licencia_tax":17,"localizacion_tax":false,"articulo__titulo_extendido":"","articulo__extracto":"","articulo__contenido":"<p style=\"text-align: right;\"><em><strong>Dos extra\u00f1os en un tren del futuro<\/strong><\/em><\/p>\r\n<em>La vida antes de marzo<\/em> narra el encuentro entre dos extra\u00f1os en un tren de 2.000 vagones que va desde Lisboa a Bagdad en el a\u00f1o 2024. Mart\u00edn y \u00c1ngel se cuentan sus historias el uno al otro. Mart\u00edn tuvo una aventura con una mujer Magreb\u00ed, y \u00c1ngel estuvo involucrado con un grupo extremista. Al principio, estas historias son muy diferentes, pero terminan en una inesperada anagn\u00f3risis, que las sit\u00faa, accidentalmente, en los preparativos de los atentados de Atocha. Este viaje est\u00e1 lleno de miedos, recuerdos dolorosos y esperanza.\r\n\r\n&nbsp;\r\n\r\n<strong>DATOS RELEVANTES:<\/strong>\u00a0Con <em>La vida antes de marzo<\/em> el cineasta gan\u00f3 el <strong>Premio Herralde de novela<\/strong> en 2009. Una historia magn\u00edficamente contada, con trazos de ternura, amor, deseo, brutalidad, amistad, humor, ambici\u00f3n y, sobre todo, con una inteligente mirada sobre la quebradiza condici\u00f3n humana y la inestable convivencia de sensibilidades diferentes.\r\n\r\n&nbsp;\r\n\r\n<strong>POTENCIAL FORMATO AUDIOVISUAL:\u00a0<\/strong>Serie TV, Miniserie TV, Film, TV Movie\r\n\r\n<strong>IDIOMAS DISPONIBLES:<\/strong> Espa\u00f1ol","articulo__autor":[878],"_thumbnail_id":4395,"articulo__featured_gallery":"","articulo__galeria_archivos":"","articulo__fecha_de_publicacion":"","articulo__idiomas":"","articulo__dossier":4398,"idarticle":385},"yoast_head":"<!-- This site is optimized with the Yoast SEO plugin v27.5 - https:\/\/yoast.com\/product\/yoast-seo-wordpress\/ -->\n<title>La vida antes de marzo - Scenic\u00a0Rights<\/title>\n<meta name=\"robots\" content=\"index, follow, max-snippet:-1, max-image-preview:large, max-video-preview:-1\" \/>\n<link rel=\"canonical\" href=\"https:\/\/www.scenicrights.com\/es\/projects\/la-vida-antes-de-marzo\/\" \/>\n<meta property=\"og:locale\" content=\"es_ES\" \/>\n<meta property=\"og:type\" content=\"article\" \/>\n<meta property=\"og:title\" content=\"La vida antes de marzo - Scenic\u00a0Rights\" \/>\n<meta property=\"og:description\" content=\"Dos extra&ntilde;os en un tren del futuro La vida antes de marzo narra el encuentro entre dos extra&ntilde;os en un tren de 2.000 vagones que va [&hellip;]\" \/>\n<meta property=\"og:url\" content=\"https:\/\/www.scenicrights.com\/es\/projects\/la-vida-antes-de-marzo\/\" \/>\n<meta property=\"og:site_name\" content=\"Scenic\u00a0Rights\" \/>\n<meta property=\"article:modified_time\" content=\"2024-05-14T22:50:36+00:00\" \/>\n<meta property=\"og:image\" content=\"https:\/\/www.scenicrights.com\/wp-content\/uploads\/2023\/09\/4tj37mSYK0uamEIo6vSPXQ.jpg\" \/>\n\t<meta property=\"og:image:width\" content=\"1348\" \/>\n\t<meta property=\"og:image:height\" content=\"2048\" \/>\n\t<meta property=\"og:image:type\" content=\"image\/jpeg\" \/>\n<meta name=\"twitter:card\" content=\"summary_large_image\" \/>\n<script type=\"application\/ld+json\" class=\"yoast-schema-graph\">{\"@context\":\"https:\\\/\\\/schema.org\",\"@graph\":[{\"@type\":\"WebPage\",\"@id\":\"https:\\\/\\\/www.scenicrights.com\\\/es\\\/projects\\\/la-vida-antes-de-marzo\\\/\",\"url\":\"https:\\\/\\\/www.scenicrights.com\\\/es\\\/projects\\\/la-vida-antes-de-marzo\\\/\",\"name\":\"La vida antes de marzo - Scenic\u00a0Rights\",\"isPartOf\":{\"@id\":\"https:\\\/\\\/www.scenicrights.com\\\/es\\\/#website\"},\"primaryImageOfPage\":{\"@id\":\"https:\\\/\\\/www.scenicrights.com\\\/es\\\/projects\\\/la-vida-antes-de-marzo\\\/#primaryimage\"},\"image\":{\"@id\":\"https:\\\/\\\/www.scenicrights.com\\\/es\\\/projects\\\/la-vida-antes-de-marzo\\\/#primaryimage\"},\"thumbnailUrl\":\"https:\\\/\\\/www.scenicrights.com\\\/wp-content\\\/uploads\\\/2023\\\/09\\\/4tj37mSYK0uamEIo6vSPXQ.jpg\",\"datePublished\":\"2023-09-13T10:57:41+00:00\",\"dateModified\":\"2024-05-14T22:50:36+00:00\",\"breadcrumb\":{\"@id\":\"https:\\\/\\\/www.scenicrights.com\\\/es\\\/projects\\\/la-vida-antes-de-marzo\\\/#breadcrumb\"},\"inLanguage\":\"es\",\"potentialAction\":[{\"@type\":\"ReadAction\",\"target\":[\"https:\\\/\\\/www.scenicrights.com\\\/es\\\/projects\\\/la-vida-antes-de-marzo\\\/\"]}]},{\"@type\":\"ImageObject\",\"inLanguage\":\"es\",\"@id\":\"https:\\\/\\\/www.scenicrights.com\\\/es\\\/projects\\\/la-vida-antes-de-marzo\\\/#primaryimage\",\"url\":\"https:\\\/\\\/www.scenicrights.com\\\/wp-content\\\/uploads\\\/2023\\\/09\\\/4tj37mSYK0uamEIo6vSPXQ.jpg\",\"contentUrl\":\"https:\\\/\\\/www.scenicrights.com\\\/wp-content\\\/uploads\\\/2023\\\/09\\\/4tj37mSYK0uamEIo6vSPXQ.jpg\",\"width\":1348,\"height\":2048},{\"@type\":\"BreadcrumbList\",\"@id\":\"https:\\\/\\\/www.scenicrights.com\\\/es\\\/projects\\\/la-vida-antes-de-marzo\\\/#breadcrumb\",\"itemListElement\":[{\"@type\":\"ListItem\",\"position\":1,\"name\":\"Home\",\"item\":\"https:\\\/\\\/www.scenicrights.com\\\/es\\\/\"},{\"@type\":\"ListItem\",\"position\":2,\"name\":\"La vida antes de marzo\"}]},{\"@type\":\"WebSite\",\"@id\":\"https:\\\/\\\/www.scenicrights.com\\\/es\\\/#website\",\"url\":\"https:\\\/\\\/www.scenicrights.com\\\/es\\\/\",\"name\":\"Scenic\u00a0Rights\",\"description\":\"\",\"publisher\":{\"@id\":\"https:\\\/\\\/www.scenicrights.com\\\/es\\\/#organization\"},\"potentialAction\":[{\"@type\":\"SearchAction\",\"target\":{\"@type\":\"EntryPoint\",\"urlTemplate\":\"https:\\\/\\\/www.scenicrights.com\\\/es\\\/?s={search_term_string}\"},\"query-input\":{\"@type\":\"PropertyValueSpecification\",\"valueRequired\":true,\"valueName\":\"search_term_string\"}}],\"inLanguage\":\"es\"},{\"@type\":\"Organization\",\"@id\":\"https:\\\/\\\/www.scenicrights.com\\\/es\\\/#organization\",\"name\":\"Scenic\u00a0Rights\",\"url\":\"https:\\\/\\\/www.scenicrights.com\\\/es\\\/\",\"logo\":{\"@type\":\"ImageObject\",\"inLanguage\":\"es\",\"@id\":\"https:\\\/\\\/www.scenicrights.com\\\/es\\\/#\\\/schema\\\/logo\\\/image\\\/\",\"url\":\"https:\\\/\\\/www.scenicrights.com\\\/wp-content\\\/uploads\\\/2023\\\/07\\\/logo-horizontal-web.png\",\"contentUrl\":\"https:\\\/\\\/www.scenicrights.com\\\/wp-content\\\/uploads\\\/2023\\\/07\\\/logo-horizontal-web.png\",\"width\":644,\"height\":225,\"caption\":\"Scenic\u00a0Rights\"},\"image\":{\"@id\":\"https:\\\/\\\/www.scenicrights.com\\\/es\\\/#\\\/schema\\\/logo\\\/image\\\/\"}}]}<\/script>\n<!-- \/ Yoast SEO plugin. -->","yoast_head_json":{"title":"La vida antes de marzo - Scenic\u00a0Rights","robots":{"index":"index","follow":"follow","max-snippet":"max-snippet:-1","max-image-preview":"max-image-preview:large","max-video-preview":"max-video-preview:-1"},"canonical":"https:\/\/www.scenicrights.com\/es\/projects\/la-vida-antes-de-marzo\/","og_locale":"es_ES","og_type":"article","og_title":"La vida antes de marzo - Scenic\u00a0Rights","og_description":"Dos extra&ntilde;os en un tren del futuro La vida antes de marzo narra el encuentro entre dos extra&ntilde;os en un tren de 2.000 vagones que va [&hellip;]","og_url":"https:\/\/www.scenicrights.com\/es\/projects\/la-vida-antes-de-marzo\/","og_site_name":"Scenic\u00a0Rights","article_modified_time":"2024-05-14T22:50:36+00:00","og_image":[{"width":1348,"height":2048,"url":"https:\/\/www.scenicrights.com\/wp-content\/uploads\/2023\/09\/4tj37mSYK0uamEIo6vSPXQ.jpg","type":"image\/jpeg"}],"twitter_card":"summary_large_image","schema":{"@context":"https:\/\/schema.org","@graph":[{"@type":"WebPage","@id":"https:\/\/www.scenicrights.com\/es\/projects\/la-vida-antes-de-marzo\/","url":"https:\/\/www.scenicrights.com\/es\/projects\/la-vida-antes-de-marzo\/","name":"La vida antes de marzo - Scenic\u00a0Rights","isPartOf":{"@id":"https:\/\/www.scenicrights.com\/es\/#website"},"primaryImageOfPage":{"@id":"https:\/\/www.scenicrights.com\/es\/projects\/la-vida-antes-de-marzo\/#primaryimage"},"image":{"@id":"https:\/\/www.scenicrights.com\/es\/projects\/la-vida-antes-de-marzo\/#primaryimage"},"thumbnailUrl":"https:\/\/www.scenicrights.com\/wp-content\/uploads\/2023\/09\/4tj37mSYK0uamEIo6vSPXQ.jpg","datePublished":"2023-09-13T10:57:41+00:00","dateModified":"2024-05-14T22:50:36+00:00","breadcrumb":{"@id":"https:\/\/www.scenicrights.com\/es\/projects\/la-vida-antes-de-marzo\/#breadcrumb"},"inLanguage":"es","potentialAction":[{"@type":"ReadAction","target":["https:\/\/www.scenicrights.com\/es\/projects\/la-vida-antes-de-marzo\/"]}]},{"@type":"ImageObject","inLanguage":"es","@id":"https:\/\/www.scenicrights.com\/es\/projects\/la-vida-antes-de-marzo\/#primaryimage","url":"https:\/\/www.scenicrights.com\/wp-content\/uploads\/2023\/09\/4tj37mSYK0uamEIo6vSPXQ.jpg","contentUrl":"https:\/\/www.scenicrights.com\/wp-content\/uploads\/2023\/09\/4tj37mSYK0uamEIo6vSPXQ.jpg","width":1348,"height":2048},{"@type":"BreadcrumbList","@id":"https:\/\/www.scenicrights.com\/es\/projects\/la-vida-antes-de-marzo\/#breadcrumb","itemListElement":[{"@type":"ListItem","position":1,"name":"Home","item":"https:\/\/www.scenicrights.com\/es\/"},{"@type":"ListItem","position":2,"name":"La vida antes de marzo"}]},{"@type":"WebSite","@id":"https:\/\/www.scenicrights.com\/es\/#website","url":"https:\/\/www.scenicrights.com\/es\/","name":"Scenic\u00a0Rights","description":"","publisher":{"@id":"https:\/\/www.scenicrights.com\/es\/#organization"},"potentialAction":[{"@type":"SearchAction","target":{"@type":"EntryPoint","urlTemplate":"https:\/\/www.scenicrights.com\/es\/?s={search_term_string}"},"query-input":{"@type":"PropertyValueSpecification","valueRequired":true,"valueName":"search_term_string"}}],"inLanguage":"es"},{"@type":"Organization","@id":"https:\/\/www.scenicrights.com\/es\/#organization","name":"Scenic\u00a0Rights","url":"https:\/\/www.scenicrights.com\/es\/","logo":{"@type":"ImageObject","inLanguage":"es","@id":"https:\/\/www.scenicrights.com\/es\/#\/schema\/logo\/image\/","url":"https:\/\/www.scenicrights.com\/wp-content\/uploads\/2023\/07\/logo-horizontal-web.png","contentUrl":"https:\/\/www.scenicrights.com\/wp-content\/uploads\/2023\/07\/logo-horizontal-web.png","width":644,"height":225,"caption":"Scenic\u00a0Rights"},"image":{"@id":"https:\/\/www.scenicrights.com\/es\/#\/schema\/logo\/image\/"}}]}},"_links":{"self":[{"href":"https:\/\/www.scenicrights.com\/es\/wp-json\/wp\/v2\/articulo\/17346","targetHints":{"allow":["GET"]}}],"collection":[{"href":"https:\/\/www.scenicrights.com\/es\/wp-json\/wp\/v2\/articulo"}],"about":[{"href":"https:\/\/www.scenicrights.com\/es\/wp-json\/wp\/v2\/types\/articulo"}],"acf:post":[{"embeddable":true,"href":"https:\/\/www.scenicrights.com\/es\/wp-json\/wp\/v2\/autor\/878"}],"acf:term":[{"embeddable":true,"taxonomy":"licencia","href":"https:\/\/www.scenicrights.com\/es\/wp-json\/wp\/v2\/licencia\/17"},{"embeddable":true,"taxonomy":"art_tag","href":"https:\/\/www.scenicrights.com\/es\/wp-json\/wp\/v2\/art_tag\/526"},{"embeddable":true,"taxonomy":"art_tag","href":"https:\/\/www.scenicrights.com\/es\/wp-json\/wp\/v2\/art_tag\/523"},{"embeddable":true,"taxonomy":"art_tag","href":"https:\/\/www.scenicrights.com\/es\/wp-json\/wp\/v2\/art_tag\/518"},{"embeddable":true,"taxonomy":"art_tag","href":"https:\/\/www.scenicrights.com\/es\/wp-json\/wp\/v2\/art_tag\/471"},{"embeddable":true,"taxonomy":"tipo","href":"https:\/\/www.scenicrights.com\/es\/wp-json\/wp\/v2\/tipo\/5"},{"embeddable":true,"taxonomy":"genero","href":"https:\/\/www.scenicrights.com\/es\/wp-json\/wp\/v2\/genero\/7"}],"wp:featuredmedia":[{"embeddable":true,"href":"https:\/\/www.scenicrights.com\/es\/wp-json\/wp\/v2\/media\/4395"}],"wp:attachment":[{"href":"https:\/\/www.scenicrights.com\/es\/wp-json\/wp\/v2\/media?parent=17346"}],"wp:term":[{"taxonomy":"art_tag","embeddable":true,"href":"https:\/\/www.scenicrights.com\/es\/wp-json\/wp\/v2\/art_tag?post=17346"},{"taxonomy":"genero","embeddable":true,"href":"https:\/\/www.scenicrights.com\/es\/wp-json\/wp\/v2\/genero?post=17346"},{"taxonomy":"licencia","embeddable":true,"href":"https:\/\/www.scenicrights.com\/es\/wp-json\/wp\/v2\/licencia?post=17346"},{"taxonomy":"localizacion","embeddable":true,"href":"https:\/\/www.scenicrights.com\/es\/wp-json\/wp\/v2\/localizacion?post=17346"},{"taxonomy":"produccion","embeddable":true,"href":"https:\/\/www.scenicrights.com\/es\/wp-json\/wp\/v2\/produccion?post=17346"},{"taxonomy":"subgenero","embeddable":true,"href":"https:\/\/www.scenicrights.com\/es\/wp-json\/wp\/v2\/subgenero?post=17346"},{"taxonomy":"tipo","embeddable":true,"href":"https:\/\/www.scenicrights.com\/es\/wp-json\/wp\/v2\/tipo?post=17346"}],"curies":[{"name":"wp","href":"https:\/\/api.w.org\/{rel}","templated":true}]}}

<p style="text-align: right;"><em><strong>Dos extraños en un tren del futuro</strong></em></p>
<em>La vida antes de marzo</em> narra el encuentro entre dos extraños en un tren de 2.000 vagones que va desde Lisboa a Bagdad en el año 2024. Martín y Ángel se cuentan sus historias el uno al otro. Martín tuvo una aventura con una mujer Magrebí, y Ángel estuvo involucrado con un grupo extremista. Al principio, estas historias son muy diferentes, pero terminan en una inesperada anagnórisis, que las sitúa, accidentalmente, en los preparativos de los atentados de Atocha. Este viaje está lleno de miedos, recuerdos dolorosos y esperanza.

&nbsp;

<strong>DATOS RELEVANTES:</strong> Con <em>La vida antes de marzo</em> el cineasta ganó el <strong>Premio Herralde de novela</strong> en 2009. Una historia magníficamente contada, con trazos de ternura, amor, deseo, brutalidad, amistad, humor, ambición y, sobre todo, con una inteligente mirada sobre la quebradiza condición humana y la inestable convivencia de sensibilidades diferentes.

&nbsp;

<strong>POTENCIAL FORMATO AUDIOVISUAL: </strong>Serie TV, Miniserie TV, Film, TV Movie

<strong>IDIOMAS DISPONIBLES:</strong> Español
