{"id":17473,"date":"2023-09-13T10:58:37","date_gmt":"2023-09-13T10:58:37","guid":{"rendered":"https:\/\/pre.scenicrights.com\/projects\/la-cena-de-los-generales\/"},"modified":"2024-05-14T00:39:02","modified_gmt":"2024-05-14T00:39:02","slug":"la-cena-de-los-generales","status":"publish","type":"articulo","link":"https:\/\/www.scenicrights.com\/es\/projects\/la-cena-de-los-generales\/","title":{"rendered":"La cena de los generales"},"template":"","art_tag":[1252,479,480,482],"genero":[8],"licencia":[17],"localizacion":[],"produccion":[],"subgenero":[68],"tipo":[5],"class_list":["post-17473","articulo","type-articulo","status-publish","has-post-thumbnail","hentry","art_tag-fracaso","art_tag-politica","art_tag-posguerra","art_tag-prision","genero-comedia","licencia-propia","subgenero-historico","tipo-proyecto"],"acf":{"generos_tax":[8],"subgeneros_tax":[68],"tipo_tax":[5],"tags_tax":[480,479,482,1252],"produccion_tax":false,"licencia_tax":17,"localizacion_tax":false,"articulo__titulo_extendido":"","articulo__extracto":"","articulo__contenido":"Ambientada en 1939 y narrada en tono de comedia,\u00a0la acci\u00f3n comienza en Madrid el mismo d\u00eda que termina la Guerra Civil espa\u00f1ola. Entonces, se\u00a0decide\u00a0organizar una cena en el?Hotel Palace a la que asistir\u00e1n como comensales los generales del bando victorioso. El teniente?Medina, responsable\u00a0de coordinar el evento, debe lidiar con las dificultades planteadas, pues los cocineros de tan ilustre restaurante est\u00e1n todos en la c\u00e1rcel por comunistas.\u00a0Ante la imposibilidad de conseguir personal cualificado y en un intento desesperado por satisfacer de manera escrupulosa al General Franco, Medina decide sacar de prisi\u00f3n a los cocineros titulares del hotel. Sobre esta base se van sucediendo una serie de situaciones casi surrealistas.\r\n\r\n&nbsp;\r\n\r\n<strong>DATOS RELEVANTES: <\/strong>Alabada por la cr\u00edtica, se trata de una historia tan local como\u00a0universal, ya que todas las guerras son tr\u00e1gicas y disparatadas. El mensaje es claro: \u201cPor muy mal que vayan las cosas, al final hay una salida\u201d.\r\n\r\nJos\u00e9 Luis Alonso de Santos ha recibido numerosos premios por su actividad tanto como escritor como director. Ganador del Premio Nacional de Teatro y del Premio Max de Teatro. Se trata del m\u00e1s aclamado autor teatral de la actualidad, tanto en Espa\u00f1a como en el extranjero.\r\n\r\n&nbsp;\r\n\r\n<strong>POTENCIAL FORMATO AUDIOVISUAL:\u00a0<\/strong>TV Movie, Film, Miniserie, Serie TV\r\n\r\n<strong>IDIOMAS DISPONIBLES:<\/strong> Espa\u00f1ol","articulo__autor":[890],"_thumbnail_id":4702,"articulo__featured_gallery":"","articulo__galeria_archivos":"","articulo__fecha_de_publicacion":"","articulo__idiomas":"","articulo__dossier":"","idarticle":512},"yoast_head":"<!-- This site is optimized with the Yoast SEO plugin v27.4 - https:\/\/yoast.com\/product\/yoast-seo-wordpress\/ -->\n<title>La cena de los generales - Scenic\u00a0Rights<\/title>\n<meta name=\"robots\" content=\"index, follow, max-snippet:-1, max-image-preview:large, max-video-preview:-1\" \/>\n<link rel=\"canonical\" href=\"https:\/\/www.scenicrights.com\/es\/projects\/la-cena-de-los-generales\/\" \/>\n<meta property=\"og:locale\" content=\"es_ES\" \/>\n<meta property=\"og:type\" content=\"article\" \/>\n<meta property=\"og:title\" content=\"La cena de los generales - Scenic\u00a0Rights\" \/>\n<meta property=\"og:description\" content=\"Ambientada en 1939 y narrada en tono de comedia,&nbsp;la acci&oacute;n comienza en Madrid el mismo d&iacute;a que termina la Guerra Civil espa&ntilde;ola. Entonces, se&nbsp;decide&nbsp;organizar una cena [&hellip;]\" \/>\n<meta property=\"og:url\" content=\"https:\/\/www.scenicrights.com\/es\/projects\/la-cena-de-los-generales\/\" \/>\n<meta property=\"og:site_name\" content=\"Scenic\u00a0Rights\" \/>\n<meta property=\"article:modified_time\" content=\"2024-05-14T00:39:02+00:00\" \/>\n<meta property=\"og:image\" content=\"https:\/\/www.scenicrights.com\/wp-content\/uploads\/2023\/09\/u7s6d8f0ekqW3l0JbbPxrw.jpg\" \/>\n\t<meta property=\"og:image:width\" content=\"720\" \/>\n\t<meta property=\"og:image:height\" content=\"1096\" \/>\n\t<meta property=\"og:image:type\" content=\"image\/jpeg\" \/>\n<meta name=\"twitter:card\" content=\"summary_large_image\" \/>\n<script type=\"application\/ld+json\" class=\"yoast-schema-graph\">{\"@context\":\"https:\\\/\\\/schema.org\",\"@graph\":[{\"@type\":\"WebPage\",\"@id\":\"https:\\\/\\\/www.scenicrights.com\\\/es\\\/projects\\\/la-cena-de-los-generales\\\/\",\"url\":\"https:\\\/\\\/www.scenicrights.com\\\/es\\\/projects\\\/la-cena-de-los-generales\\\/\",\"name\":\"La cena de los generales - Scenic\u00a0Rights\",\"isPartOf\":{\"@id\":\"https:\\\/\\\/www.scenicrights.com\\\/es\\\/#website\"},\"primaryImageOfPage\":{\"@id\":\"https:\\\/\\\/www.scenicrights.com\\\/es\\\/projects\\\/la-cena-de-los-generales\\\/#primaryimage\"},\"image\":{\"@id\":\"https:\\\/\\\/www.scenicrights.com\\\/es\\\/projects\\\/la-cena-de-los-generales\\\/#primaryimage\"},\"thumbnailUrl\":\"https:\\\/\\\/www.scenicrights.com\\\/wp-content\\\/uploads\\\/2023\\\/09\\\/u7s6d8f0ekqW3l0JbbPxrw.jpg\",\"datePublished\":\"2023-09-13T10:58:37+00:00\",\"dateModified\":\"2024-05-14T00:39:02+00:00\",\"breadcrumb\":{\"@id\":\"https:\\\/\\\/www.scenicrights.com\\\/es\\\/projects\\\/la-cena-de-los-generales\\\/#breadcrumb\"},\"inLanguage\":\"es\",\"potentialAction\":[{\"@type\":\"ReadAction\",\"target\":[\"https:\\\/\\\/www.scenicrights.com\\\/es\\\/projects\\\/la-cena-de-los-generales\\\/\"]}]},{\"@type\":\"ImageObject\",\"inLanguage\":\"es\",\"@id\":\"https:\\\/\\\/www.scenicrights.com\\\/es\\\/projects\\\/la-cena-de-los-generales\\\/#primaryimage\",\"url\":\"https:\\\/\\\/www.scenicrights.com\\\/wp-content\\\/uploads\\\/2023\\\/09\\\/u7s6d8f0ekqW3l0JbbPxrw.jpg\",\"contentUrl\":\"https:\\\/\\\/www.scenicrights.com\\\/wp-content\\\/uploads\\\/2023\\\/09\\\/u7s6d8f0ekqW3l0JbbPxrw.jpg\",\"width\":720,\"height\":1096},{\"@type\":\"BreadcrumbList\",\"@id\":\"https:\\\/\\\/www.scenicrights.com\\\/es\\\/projects\\\/la-cena-de-los-generales\\\/#breadcrumb\",\"itemListElement\":[{\"@type\":\"ListItem\",\"position\":1,\"name\":\"Home\",\"item\":\"https:\\\/\\\/www.scenicrights.com\\\/es\\\/\"},{\"@type\":\"ListItem\",\"position\":2,\"name\":\"La cena de los generales\"}]},{\"@type\":\"WebSite\",\"@id\":\"https:\\\/\\\/www.scenicrights.com\\\/es\\\/#website\",\"url\":\"https:\\\/\\\/www.scenicrights.com\\\/es\\\/\",\"name\":\"Scenic\u00a0Rights\",\"description\":\"\",\"publisher\":{\"@id\":\"https:\\\/\\\/www.scenicrights.com\\\/es\\\/#organization\"},\"potentialAction\":[{\"@type\":\"SearchAction\",\"target\":{\"@type\":\"EntryPoint\",\"urlTemplate\":\"https:\\\/\\\/www.scenicrights.com\\\/es\\\/?s={search_term_string}\"},\"query-input\":{\"@type\":\"PropertyValueSpecification\",\"valueRequired\":true,\"valueName\":\"search_term_string\"}}],\"inLanguage\":\"es\"},{\"@type\":\"Organization\",\"@id\":\"https:\\\/\\\/www.scenicrights.com\\\/es\\\/#organization\",\"name\":\"Scenic\u00a0Rights\",\"url\":\"https:\\\/\\\/www.scenicrights.com\\\/es\\\/\",\"logo\":{\"@type\":\"ImageObject\",\"inLanguage\":\"es\",\"@id\":\"https:\\\/\\\/www.scenicrights.com\\\/es\\\/#\\\/schema\\\/logo\\\/image\\\/\",\"url\":\"https:\\\/\\\/www.scenicrights.com\\\/wp-content\\\/uploads\\\/2023\\\/07\\\/logo-horizontal-web.png\",\"contentUrl\":\"https:\\\/\\\/www.scenicrights.com\\\/wp-content\\\/uploads\\\/2023\\\/07\\\/logo-horizontal-web.png\",\"width\":644,\"height\":225,\"caption\":\"Scenic\u00a0Rights\"},\"image\":{\"@id\":\"https:\\\/\\\/www.scenicrights.com\\\/es\\\/#\\\/schema\\\/logo\\\/image\\\/\"}}]}<\/script>\n<!-- \/ Yoast SEO plugin. -->","yoast_head_json":{"title":"La cena de los generales - Scenic\u00a0Rights","robots":{"index":"index","follow":"follow","max-snippet":"max-snippet:-1","max-image-preview":"max-image-preview:large","max-video-preview":"max-video-preview:-1"},"canonical":"https:\/\/www.scenicrights.com\/es\/projects\/la-cena-de-los-generales\/","og_locale":"es_ES","og_type":"article","og_title":"La cena de los generales - Scenic\u00a0Rights","og_description":"Ambientada en 1939 y narrada en tono de comedia,&nbsp;la acci&oacute;n comienza en Madrid el mismo d&iacute;a que termina la Guerra Civil espa&ntilde;ola. Entonces, se&nbsp;decide&nbsp;organizar una cena [&hellip;]","og_url":"https:\/\/www.scenicrights.com\/es\/projects\/la-cena-de-los-generales\/","og_site_name":"Scenic\u00a0Rights","article_modified_time":"2024-05-14T00:39:02+00:00","og_image":[{"width":720,"height":1096,"url":"https:\/\/www.scenicrights.com\/wp-content\/uploads\/2023\/09\/u7s6d8f0ekqW3l0JbbPxrw.jpg","type":"image\/jpeg"}],"twitter_card":"summary_large_image","schema":{"@context":"https:\/\/schema.org","@graph":[{"@type":"WebPage","@id":"https:\/\/www.scenicrights.com\/es\/projects\/la-cena-de-los-generales\/","url":"https:\/\/www.scenicrights.com\/es\/projects\/la-cena-de-los-generales\/","name":"La cena de los generales - Scenic\u00a0Rights","isPartOf":{"@id":"https:\/\/www.scenicrights.com\/es\/#website"},"primaryImageOfPage":{"@id":"https:\/\/www.scenicrights.com\/es\/projects\/la-cena-de-los-generales\/#primaryimage"},"image":{"@id":"https:\/\/www.scenicrights.com\/es\/projects\/la-cena-de-los-generales\/#primaryimage"},"thumbnailUrl":"https:\/\/www.scenicrights.com\/wp-content\/uploads\/2023\/09\/u7s6d8f0ekqW3l0JbbPxrw.jpg","datePublished":"2023-09-13T10:58:37+00:00","dateModified":"2024-05-14T00:39:02+00:00","breadcrumb":{"@id":"https:\/\/www.scenicrights.com\/es\/projects\/la-cena-de-los-generales\/#breadcrumb"},"inLanguage":"es","potentialAction":[{"@type":"ReadAction","target":["https:\/\/www.scenicrights.com\/es\/projects\/la-cena-de-los-generales\/"]}]},{"@type":"ImageObject","inLanguage":"es","@id":"https:\/\/www.scenicrights.com\/es\/projects\/la-cena-de-los-generales\/#primaryimage","url":"https:\/\/www.scenicrights.com\/wp-content\/uploads\/2023\/09\/u7s6d8f0ekqW3l0JbbPxrw.jpg","contentUrl":"https:\/\/www.scenicrights.com\/wp-content\/uploads\/2023\/09\/u7s6d8f0ekqW3l0JbbPxrw.jpg","width":720,"height":1096},{"@type":"BreadcrumbList","@id":"https:\/\/www.scenicrights.com\/es\/projects\/la-cena-de-los-generales\/#breadcrumb","itemListElement":[{"@type":"ListItem","position":1,"name":"Home","item":"https:\/\/www.scenicrights.com\/es\/"},{"@type":"ListItem","position":2,"name":"La cena de los generales"}]},{"@type":"WebSite","@id":"https:\/\/www.scenicrights.com\/es\/#website","url":"https:\/\/www.scenicrights.com\/es\/","name":"Scenic\u00a0Rights","description":"","publisher":{"@id":"https:\/\/www.scenicrights.com\/es\/#organization"},"potentialAction":[{"@type":"SearchAction","target":{"@type":"EntryPoint","urlTemplate":"https:\/\/www.scenicrights.com\/es\/?s={search_term_string}"},"query-input":{"@type":"PropertyValueSpecification","valueRequired":true,"valueName":"search_term_string"}}],"inLanguage":"es"},{"@type":"Organization","@id":"https:\/\/www.scenicrights.com\/es\/#organization","name":"Scenic\u00a0Rights","url":"https:\/\/www.scenicrights.com\/es\/","logo":{"@type":"ImageObject","inLanguage":"es","@id":"https:\/\/www.scenicrights.com\/es\/#\/schema\/logo\/image\/","url":"https:\/\/www.scenicrights.com\/wp-content\/uploads\/2023\/07\/logo-horizontal-web.png","contentUrl":"https:\/\/www.scenicrights.com\/wp-content\/uploads\/2023\/07\/logo-horizontal-web.png","width":644,"height":225,"caption":"Scenic\u00a0Rights"},"image":{"@id":"https:\/\/www.scenicrights.com\/es\/#\/schema\/logo\/image\/"}}]}},"_links":{"self":[{"href":"https:\/\/www.scenicrights.com\/es\/wp-json\/wp\/v2\/articulo\/17473","targetHints":{"allow":["GET"]}}],"collection":[{"href":"https:\/\/www.scenicrights.com\/es\/wp-json\/wp\/v2\/articulo"}],"about":[{"href":"https:\/\/www.scenicrights.com\/es\/wp-json\/wp\/v2\/types\/articulo"}],"acf:post":[{"embeddable":true,"href":"https:\/\/www.scenicrights.com\/es\/wp-json\/wp\/v2\/autor\/890"}],"acf:term":[{"embeddable":true,"taxonomy":"licencia","href":"https:\/\/www.scenicrights.com\/es\/wp-json\/wp\/v2\/licencia\/17"},{"embeddable":true,"taxonomy":"art_tag","href":"https:\/\/www.scenicrights.com\/es\/wp-json\/wp\/v2\/art_tag\/1252"},{"embeddable":true,"taxonomy":"art_tag","href":"https:\/\/www.scenicrights.com\/es\/wp-json\/wp\/v2\/art_tag\/482"},{"embeddable":true,"taxonomy":"art_tag","href":"https:\/\/www.scenicrights.com\/es\/wp-json\/wp\/v2\/art_tag\/479"},{"embeddable":true,"taxonomy":"art_tag","href":"https:\/\/www.scenicrights.com\/es\/wp-json\/wp\/v2\/art_tag\/480"},{"embeddable":true,"taxonomy":"tipo","href":"https:\/\/www.scenicrights.com\/es\/wp-json\/wp\/v2\/tipo\/5"},{"embeddable":true,"taxonomy":"subgenero","href":"https:\/\/www.scenicrights.com\/es\/wp-json\/wp\/v2\/subgenero\/68"},{"embeddable":true,"taxonomy":"genero","href":"https:\/\/www.scenicrights.com\/es\/wp-json\/wp\/v2\/genero\/8"}],"wp:featuredmedia":[{"embeddable":true,"href":"https:\/\/www.scenicrights.com\/es\/wp-json\/wp\/v2\/media\/4702"}],"wp:attachment":[{"href":"https:\/\/www.scenicrights.com\/es\/wp-json\/wp\/v2\/media?parent=17473"}],"wp:term":[{"taxonomy":"art_tag","embeddable":true,"href":"https:\/\/www.scenicrights.com\/es\/wp-json\/wp\/v2\/art_tag?post=17473"},{"taxonomy":"genero","embeddable":true,"href":"https:\/\/www.scenicrights.com\/es\/wp-json\/wp\/v2\/genero?post=17473"},{"taxonomy":"licencia","embeddable":true,"href":"https:\/\/www.scenicrights.com\/es\/wp-json\/wp\/v2\/licencia?post=17473"},{"taxonomy":"localizacion","embeddable":true,"href":"https:\/\/www.scenicrights.com\/es\/wp-json\/wp\/v2\/localizacion?post=17473"},{"taxonomy":"produccion","embeddable":true,"href":"https:\/\/www.scenicrights.com\/es\/wp-json\/wp\/v2\/produccion?post=17473"},{"taxonomy":"subgenero","embeddable":true,"href":"https:\/\/www.scenicrights.com\/es\/wp-json\/wp\/v2\/subgenero?post=17473"},{"taxonomy":"tipo","embeddable":true,"href":"https:\/\/www.scenicrights.com\/es\/wp-json\/wp\/v2\/tipo?post=17473"}],"curies":[{"name":"wp","href":"https:\/\/api.w.org\/{rel}","templated":true}]}}

Ambientada en 1939 y narrada en tono de comedia, la acción comienza en Madrid el mismo día que termina la Guerra Civil española. Entonces, se decide organizar una cena en el?Hotel Palace a la que asistirán como comensales los generales del bando victorioso. El teniente?Medina, responsable de coordinar el evento, debe lidiar con las dificultades planteadas, pues los cocineros de tan ilustre restaurante están todos en la cárcel por comunistas. Ante la imposibilidad de conseguir personal cualificado y en un intento desesperado por satisfacer de manera escrupulosa al General Franco, Medina decide sacar de prisión a los cocineros titulares del hotel. Sobre esta base se van sucediendo una serie de situaciones casi surrealistas.

&nbsp;

<strong>DATOS RELEVANTES: </strong>Alabada por la crítica, se trata de una historia tan local como universal, ya que todas las guerras son trágicas y disparatadas. El mensaje es claro: “Por muy mal que vayan las cosas, al final hay una salida”.

José Luis Alonso de Santos ha recibido numerosos premios por su actividad tanto como escritor como director. Ganador del Premio Nacional de Teatro y del Premio Max de Teatro. Se trata del más aclamado autor teatral de la actualidad, tanto en España como en el extranjero.

&nbsp;

<strong>POTENCIAL FORMATO AUDIOVISUAL: </strong>TV Movie, Film, Miniserie, Serie TV

<strong>IDIOMAS DISPONIBLES:</strong> Español
